{"id":854,"date":"2023-01-11T17:52:51","date_gmt":"2023-01-11T17:52:51","guid":{"rendered":"https:\/\/ogv-amorbach.de\/?page_id=854"},"modified":"2023-01-19T15:13:29","modified_gmt":"2023-01-19T15:13:29","slug":"mitgliedschaft","status":"publish","type":"page","link":"https:\/\/ogv-amorbach.de\/?page_id=854","title":{"rendered":"Mitgliedschaft"},"content":{"rendered":"\t\t<div data-elementor-type=\"wp-page\" data-elementor-id=\"854\" class=\"elementor elementor-854\">\n\t\t\t\t\t\t<section class=\"elementor-section elementor-top-section elementor-element elementor-element-78734295 elementor-section-boxed elementor-section-height-default elementor-section-height-default\" data-id=\"78734295\" data-element_type=\"section\" data-e-type=\"section\">\n\t\t\t\t\t\t<div class=\"elementor-container elementor-column-gap-default\">\n\t\t\t\t\t<div class=\"elementor-column elementor-col-100 elementor-top-column elementor-element elementor-element-1d4453d4\" data-id=\"1d4453d4\" data-element_type=\"column\" data-e-type=\"column\">\n\t\t\t<div class=\"elementor-widget-wrap elementor-element-populated\">\n\t\t\t\t\t\t<div class=\"elementor-element elementor-element-64a1abba elementor-widget elementor-widget-text-editor\" data-id=\"64a1abba\" data-element_type=\"widget\" data-e-type=\"widget\" data-widget_type=\"text-editor.default\">\n\t\t\t\t<div class=\"elementor-widget-container\">\n\t\t\t\t\t\t\t\t\t<p><\/p>\n<p><\/p>\n<p><\/p>\n<p>Der OGV Amorbach ist sowohl ein vielseitig interessanter als auch ein interessierter Verein. Die Schwerpunkte der Vereinsarbeit liegen in diesen Themen:<\/p>\n<p><\/p>\n<p><\/p>\n<ul>\n<li>Natur erleben und erlebbar machen<\/li>\n<li>Erhalt von Streuobstwiesen (Pflege, Anpflanzung, Ernte und Obst-Verarbeitung)<\/li>\n<li>Insektenschutz (Insektenhotel)<\/li>\n<li>Wissensaustausch in Form von Kursen (Baumschnitt, M\u00e4hkurse, Vortr\u00e4ge)<\/li>\n<li>Pflege der Natur<\/li>\n<li>Erhalt der Gartenbaukultur (private Nutz- und Zierg\u00e4rten)<\/li>\n<li>Beteiligung am \u00f6ffentlichen Leben in Amorbach (Ausflugsziel Apfelallee, Wendelinusmarkt, Weihnachtsmarkt)<\/li>\n<li>Ausflugsfahrten zu Gartenschauen bzw Vereinsausfl\u00fcgen<\/li>\n<li>Heranf\u00fchren von Kindern\/Jugendlichen an diese Themen<\/li>\n<li>Kooperationen mit Kindergarten und Schulen<\/li>\n<\/ul>\n<div>&nbsp;<\/div>\n<p>Als Mitglied in unserem OGV kommen Sie in den Genuss regionaler und \u00fcberregionaler Vorteile:<\/p>\n<ul>\n<li>Lagerhaus Amorbach: 10% Rabatt auf Gartenartikel<\/li>\n<li>Bl\u00fcten-Atelier in Amorbach, Hofg\u00e4rtnerei Janine Deinlein:<br>im Fr\u00fchjahr: 5% Rabatt auf alle Blumenpflanzen<br>zu Allerheiligen: 5% Rabatt auf Grabpflanzen &amp; Gestecke<\/li>\n<li>erg\u00e4nzenden Unfall-Versicherungsschutz bei Gartenarbeiten<br>(80.000 EUR bei Vollinvalidit\u00e4t, 10.000 EUR im Todesfall)<\/li>\n<li>10% Rabatt bei BayWa Baustoffe auf das Gartensortiment<\/li>\n<li>CarFleet24, Sonderkonditionen bei Barkauf und Leasing von Neufahrzeugen<\/li>\n<li>Weitere Vorteile finden Sie auf der Internetseite des Landesverbandes, <br>die wir an der Stelle hiermit empfehlen: www.gartenbauvereine.org<\/li>\n<\/ul>\n<div>&nbsp;<\/div>\n<div>Mit Ihrem Mitgliedbeitrag in H\u00f6he von 15,00 EUR (Stand 2023) f\u00f6rdern Sie unseren OGV Amorbach und unseren Landesverband. Desweiteren ist dies ein wichtiger Beitrag zur Bewahrung unserer Garten- und Pflanzenkultur und somit aktiv gelebter Naturerhalt.<\/div>\n<p>Ein aktives Engangemant und tatkr\u00e4ftige Unterst\u00fctzung f\u00fcr unseren Verein ist uns ebenfalls willkommen.<\/p>\n<p>Wir freuen uns darauf, Sie\/Dich bald in unserem Verein begr\u00fc\u00dfen zu k\u00f6nnen.<\/p>\n<p>Die Beitrittserkl\u00e4rung finden Sie <a href=\"https:\/\/ogv-amorbach.de\/wp-content\/uploads\/2023\/01\/OGV-Beitrittserklaerung.pdf\">hier zum Download<\/a>.<\/p>\n<p><\/p>\n<div>&nbsp;<\/div>\n<div>&nbsp;<\/div>\n<div>&nbsp;<\/div>\n<p><\/p>\t\t\t\t\t\t\t\t<\/div>\n\t\t\t\t<\/div>\n\t\t\t\t\t<\/div>\n\t\t<\/div>\n\t\t\t\t\t<\/div>\n\t\t<\/section>\n\t\t\t\t<\/div>\n\t\t","protected":false},"excerpt":{"rendered":"<p>Der OGV Amorbach ist sowohl ein vielseitig interessanter als auch ein interessierter Verein. Die Schwerpunkte der Vereinsarbeit liegen in diesen Themen: Natur erleben und erlebbar machen Erhalt von Streuobstwiesen (Pflege, Anpflanzung, Ernte und Obst-Verarbeitung) Insektenschutz (Insektenhotel) Wissensaustausch in Form von Kursen (Baumschnitt, M\u00e4hkurse, Vortr\u00e4ge) Pflege der Natur Erhalt der Gartenbaukultur (private Nutz- und Zierg\u00e4rten) Beteiligung [&hellip;]<\/p>\n","protected":false},"author":1,"featured_media":0,"parent":0,"menu_order":0,"comment_status":"closed","ping_status":"closed","template":"","meta":{"ngg_post_thumbnail":0,"footnotes":""},"class_list":["post-854","page","type-page","status-publish","hentry"],"yoast_head":"<!-- This site is optimized with the Yoast SEO plugin v27.5 - https:\/\/yoast.com\/product\/yoast-seo-wordpress\/ -->\n<title>Mitgliedschaft - Obst- und Gartenbauverein Amorbach e.V.<\/title>\n<meta name=\"robots\" content=\"index, follow, max-snippet:-1, max-image-preview:large, max-video-preview:-1\" \/>\n<link rel=\"canonical\" href=\"https:\/\/ogv-amorbach.de\/?page_id=854\" \/>\n<meta property=\"og:locale\" content=\"de_DE\" \/>\n<meta property=\"og:type\" content=\"article\" \/>\n<meta property=\"og:title\" content=\"Mitgliedschaft - Obst- und Gartenbauverein Amorbach e.V.\" \/>\n<meta property=\"og:description\" content=\"Der OGV Amorbach ist sowohl ein vielseitig interessanter als auch ein interessierter Verein. Die Schwerpunkte der Vereinsarbeit liegen in diesen Themen: Natur erleben und erlebbar machen Erhalt von Streuobstwiesen (Pflege, Anpflanzung, Ernte und Obst-Verarbeitung) Insektenschutz (Insektenhotel) Wissensaustausch in Form von Kursen (Baumschnitt, M\u00e4hkurse, Vortr\u00e4ge) Pflege der Natur Erhalt der Gartenbaukultur (private Nutz- und Zierg\u00e4rten) Beteiligung [&hellip;]\" \/>\n<meta property=\"og:url\" content=\"https:\/\/ogv-amorbach.de\/?page_id=854\" \/>\n<meta property=\"og:site_name\" content=\"Obst- und Gartenbauverein Amorbach e.V.\" \/>\n<meta property=\"article:modified_time\" content=\"2023-01-19T15:13:29+00:00\" \/>\n<meta name=\"twitter:card\" content=\"summary_large_image\" \/>\n<meta name=\"twitter:label1\" content=\"Gesch\u00e4tzte Lesezeit\" \/>\n\t<meta name=\"twitter:data1\" content=\"1\u00a0Minute\" \/>\n<script type=\"application\/ld+json\" class=\"yoast-schema-graph\">{\"@context\":\"https:\\\/\\\/schema.org\",\"@graph\":[{\"@type\":\"WebPage\",\"@id\":\"https:\\\/\\\/ogv-amorbach.de\\\/?page_id=854\",\"url\":\"https:\\\/\\\/ogv-amorbach.de\\\/?page_id=854\",\"name\":\"Mitgliedschaft - Obst- und Gartenbauverein Amorbach e.V.\",\"isPartOf\":{\"@id\":\"https:\\\/\\\/ogv-amorbach.de\\\/#website\"},\"datePublished\":\"2023-01-11T17:52:51+00:00\",\"dateModified\":\"2023-01-19T15:13:29+00:00\",\"breadcrumb\":{\"@id\":\"https:\\\/\\\/ogv-amorbach.de\\\/?page_id=854#breadcrumb\"},\"inLanguage\":\"de\",\"potentialAction\":[{\"@type\":\"ReadAction\",\"target\":[\"https:\\\/\\\/ogv-amorbach.de\\\/?page_id=854\"]}]},{\"@type\":\"BreadcrumbList\",\"@id\":\"https:\\\/\\\/ogv-amorbach.de\\\/?page_id=854#breadcrumb\",\"itemListElement\":[{\"@type\":\"ListItem\",\"position\":1,\"name\":\"Home\",\"item\":\"https:\\\/\\\/ogv-amorbach.de\\\/\"},{\"@type\":\"ListItem\",\"position\":2,\"name\":\"Mitgliedschaft\"}]},{\"@type\":\"WebSite\",\"@id\":\"https:\\\/\\\/ogv-amorbach.de\\\/#website\",\"url\":\"https:\\\/\\\/ogv-amorbach.de\\\/\",\"name\":\"Obst- und Gartenbauverein Amorbach e.V.\",\"description\":\"\",\"publisher\":{\"@id\":\"https:\\\/\\\/ogv-amorbach.de\\\/#organization\"},\"potentialAction\":[{\"@type\":\"SearchAction\",\"target\":{\"@type\":\"EntryPoint\",\"urlTemplate\":\"https:\\\/\\\/ogv-amorbach.de\\\/?s={search_term_string}\"},\"query-input\":{\"@type\":\"PropertyValueSpecification\",\"valueRequired\":true,\"valueName\":\"search_term_string\"}}],\"inLanguage\":\"de\"},{\"@type\":\"Organization\",\"@id\":\"https:\\\/\\\/ogv-amorbach.de\\\/#organization\",\"name\":\"Obst- und Gartenbauverein Amorbach e.V.\",\"url\":\"https:\\\/\\\/ogv-amorbach.de\\\/\",\"logo\":{\"@type\":\"ImageObject\",\"inLanguage\":\"de\",\"@id\":\"https:\\\/\\\/ogv-amorbach.de\\\/#\\\/schema\\\/logo\\\/image\\\/\",\"url\":\"https:\\\/\\\/ogv-amorbach.de\\\/wp-content\\\/uploads\\\/2022\\\/10\\\/cropped-Logo.png\",\"contentUrl\":\"https:\\\/\\\/ogv-amorbach.de\\\/wp-content\\\/uploads\\\/2022\\\/10\\\/cropped-Logo.png\",\"width\":367,\"height\":223,\"caption\":\"Obst- und Gartenbauverein Amorbach e.V.\"},\"image\":{\"@id\":\"https:\\\/\\\/ogv-amorbach.de\\\/#\\\/schema\\\/logo\\\/image\\\/\"}}]}<\/script>\n<!-- \/ Yoast SEO plugin. -->","yoast_head_json":{"title":"Mitgliedschaft - Obst- und Gartenbauverein Amorbach e.V.","robots":{"index":"index","follow":"follow","max-snippet":"max-snippet:-1","max-image-preview":"max-image-preview:large","max-video-preview":"max-video-preview:-1"},"canonical":"https:\/\/ogv-amorbach.de\/?page_id=854","og_locale":"de_DE","og_type":"article","og_title":"Mitgliedschaft - Obst- und Gartenbauverein Amorbach e.V.","og_description":"Der OGV Amorbach ist sowohl ein vielseitig interessanter als auch ein interessierter Verein. Die Schwerpunkte der Vereinsarbeit liegen in diesen Themen: Natur erleben und erlebbar machen Erhalt von Streuobstwiesen (Pflege, Anpflanzung, Ernte und Obst-Verarbeitung) Insektenschutz (Insektenhotel) Wissensaustausch in Form von Kursen (Baumschnitt, M\u00e4hkurse, Vortr\u00e4ge) Pflege der Natur Erhalt der Gartenbaukultur (private Nutz- und Zierg\u00e4rten) Beteiligung [&hellip;]","og_url":"https:\/\/ogv-amorbach.de\/?page_id=854","og_site_name":"Obst- und Gartenbauverein Amorbach e.V.","article_modified_time":"2023-01-19T15:13:29+00:00","twitter_card":"summary_large_image","twitter_misc":{"Gesch\u00e4tzte Lesezeit":"1\u00a0Minute"},"schema":{"@context":"https:\/\/schema.org","@graph":[{"@type":"WebPage","@id":"https:\/\/ogv-amorbach.de\/?page_id=854","url":"https:\/\/ogv-amorbach.de\/?page_id=854","name":"Mitgliedschaft - Obst- und Gartenbauverein Amorbach e.V.","isPartOf":{"@id":"https:\/\/ogv-amorbach.de\/#website"},"datePublished":"2023-01-11T17:52:51+00:00","dateModified":"2023-01-19T15:13:29+00:00","breadcrumb":{"@id":"https:\/\/ogv-amorbach.de\/?page_id=854#breadcrumb"},"inLanguage":"de","potentialAction":[{"@type":"ReadAction","target":["https:\/\/ogv-amorbach.de\/?page_id=854"]}]},{"@type":"BreadcrumbList","@id":"https:\/\/ogv-amorbach.de\/?page_id=854#breadcrumb","itemListElement":[{"@type":"ListItem","position":1,"name":"Home","item":"https:\/\/ogv-amorbach.de\/"},{"@type":"ListItem","position":2,"name":"Mitgliedschaft"}]},{"@type":"WebSite","@id":"https:\/\/ogv-amorbach.de\/#website","url":"https:\/\/ogv-amorbach.de\/","name":"Obst- und Gartenbauverein Amorbach e.V.","description":"","publisher":{"@id":"https:\/\/ogv-amorbach.de\/#organization"},"potentialAction":[{"@type":"SearchAction","target":{"@type":"EntryPoint","urlTemplate":"https:\/\/ogv-amorbach.de\/?s={search_term_string}"},"query-input":{"@type":"PropertyValueSpecification","valueRequired":true,"valueName":"search_term_string"}}],"inLanguage":"de"},{"@type":"Organization","@id":"https:\/\/ogv-amorbach.de\/#organization","name":"Obst- und Gartenbauverein Amorbach e.V.","url":"https:\/\/ogv-amorbach.de\/","logo":{"@type":"ImageObject","inLanguage":"de","@id":"https:\/\/ogv-amorbach.de\/#\/schema\/logo\/image\/","url":"https:\/\/ogv-amorbach.de\/wp-content\/uploads\/2022\/10\/cropped-Logo.png","contentUrl":"https:\/\/ogv-amorbach.de\/wp-content\/uploads\/2022\/10\/cropped-Logo.png","width":367,"height":223,"caption":"Obst- und Gartenbauverein Amorbach e.V."},"image":{"@id":"https:\/\/ogv-amorbach.de\/#\/schema\/logo\/image\/"}}]}},"_links":{"self":[{"href":"https:\/\/ogv-amorbach.de\/index.php?rest_route=\/wp\/v2\/pages\/854","targetHints":{"allow":["GET"]}}],"collection":[{"href":"https:\/\/ogv-amorbach.de\/index.php?rest_route=\/wp\/v2\/pages"}],"about":[{"href":"https:\/\/ogv-amorbach.de\/index.php?rest_route=\/wp\/v2\/types\/page"}],"author":[{"embeddable":true,"href":"https:\/\/ogv-amorbach.de\/index.php?rest_route=\/wp\/v2\/users\/1"}],"replies":[{"embeddable":true,"href":"https:\/\/ogv-amorbach.de\/index.php?rest_route=%2Fwp%2Fv2%2Fcomments&post=854"}],"version-history":[{"count":27,"href":"https:\/\/ogv-amorbach.de\/index.php?rest_route=\/wp\/v2\/pages\/854\/revisions"}],"predecessor-version":[{"id":884,"href":"https:\/\/ogv-amorbach.de\/index.php?rest_route=\/wp\/v2\/pages\/854\/revisions\/884"}],"wp:attachment":[{"href":"https:\/\/ogv-amorbach.de\/index.php?rest_route=%2Fwp%2Fv2%2Fmedia&parent=854"}],"curies":[{"name":"wp","href":"https:\/\/api.w.org\/{rel}","templated":true}]}}