{"id":495,"date":"2022-10-30T16:50:48","date_gmt":"2022-10-30T16:50:48","guid":{"rendered":"https:\/\/ogvamorbach.live-website.com\/?page_id=495"},"modified":"2022-12-29T15:42:10","modified_gmt":"2022-12-29T15:42:10","slug":"vereinsnachmittag-2022","status":"publish","type":"page","link":"https:\/\/ogv-amorbach.de\/?page_id=495","title":{"rendered":"Vereinsnachmittag"},"content":{"rendered":"\n<p><strong>Bericht zum Vereinsnachmittag vom 3.12.2022 (ein Beitrag von Frank Laske)<\/strong><\/p>\n\n\n\n<p>Nach langer Zeit fand am Samstag, 03.12.2022, im Pfarrheim St. Benedikt wieder ein Vereinsnachmittag unseres Obst- und Gartenbauvereins Amorbach e.V. statt.<\/p>\n\n\n\n<p>In seiner Er\u00f6ffnungsrede ging 1. Vorsitzender Hans Waldeis zun\u00e4chst auf die Umst\u00e4nde ein, die dazu gef\u00fchrt haben, dass \u00fcber einen mehrj\u00e4hrigen Zeitraum hinweg langj\u00e4hrigen Mitgliedern f\u00fcr ihre Vereinstreue und ihr Engagement nicht mit den entsprechenden Ehrungen gedankt werden konnte. Jahre des Umbruchs, die f\u00fcr den Fortbestand des Vereins notwendige Neuausrichtung und die unmittelbar folgende Corona-Pandemie hatten dazu gef\u00fchrt, dass erst im Verlauf des Jahres 2022 wieder alle Voraussetzungen dazu geschaffen waren.<\/p>\n\n\n\n<p>So wurde dieser Nachmittag genutzt, um zun\u00e4chst in Wort und Bild von der aktuellen Vereinsarbeit zu erz\u00e4hlen. Mit Bildvortr\u00e4gen und kurzen Filmeinspielungen wurden die Aktivit\u00e4ten des Vereinsjahres noch einmal lebendig, angefangen vom Baumschnitt \u00fcber Sensen-M\u00e4hkurs, Ferienspielen, bis zur Apfelernte, Keltern am Wendelinusmarkt und schlie\u00dflich Mistel-R\u00fcckschnitt mit Verkauf im Advent.&nbsp;<\/p>\n\n\n\n<p>Diese Lebendigkeit im Vereinsleben k\u00f6nnen Sie ab sofort auch auf der nagelneuen Vereins-Homepage mit verfolgen, die vom Programmier-Chef Andreas Beger anschlie\u00dfend vorgestellt wurde. Unter www.ogv-amorbach.de finden Sie alles Wissenswerte \u00fcber unseren Verein, die Amorbacher Apfelallee, sowie unsere Projekte und Veranstaltungen w\u00e4hrend des ganzen Jahres. Dazu n\u00fctzliche Infos, Verlinkungen zu den Gartenratgebern des Landesverbandes und vieles mehr.<\/p>\n\n\n\n<p>Dann war es Zeit den langj\u00e4hrigen Mitgliedern f\u00fcr ihre Vereinstreue und ihr Engagement im Verein zu danken und sie f\u00fcr ihre Verdienste zu ehren. Hierzu war Ulrike Oettinger als Vorsitzende des Kreisverbandes und stellvertretende Vorsitzende des Bezirksverbandes gekommen. Folgende Ehrungen nahm sie gemeinsam mit Hans Waldeis vor:&nbsp;<\/p>\n\n\n\n<figure class=\"wp-block-image size-full\"><img fetchpriority=\"high\" decoding=\"async\" width=\"550\" height=\"367\" src=\"https:\/\/ogv-amorbach.de\/wp-content\/uploads\/2022\/12\/15Jahre-1.jpg\" alt=\"\" class=\"wp-image-810\" srcset=\"https:\/\/ogv-amorbach.de\/wp-content\/uploads\/2022\/12\/15Jahre-1.jpg 550w, https:\/\/ogv-amorbach.de\/wp-content\/uploads\/2022\/12\/15Jahre-1-300x200.jpg 300w\" sizes=\"(max-width: 550px) 100vw, 550px\" \/><figcaption class=\"wp-element-caption\"><strong>Ehrennadel in Bronze f\u00fcr 15-j\u00e4hrige Mitgliedschaft im OGV:<\/strong><br>von links nach rechts: Wolfgang Aulbach, Christel Zerr, Michael Meisen <br>nicht anwesend: Markus Eichhorn, Philipp Lenz, Hubert Marschall, Rainer Schmitt, Manfred Schork<\/figcaption><\/figure>\n\n\n\n<figure class=\"wp-block-image size-full\"><img decoding=\"async\" width=\"550\" height=\"368\" src=\"https:\/\/ogv-amorbach.de\/wp-content\/uploads\/2022\/12\/25Jahre-1.jpg\" alt=\"\" class=\"wp-image-811\" srcset=\"https:\/\/ogv-amorbach.de\/wp-content\/uploads\/2022\/12\/25Jahre-1.jpg 550w, https:\/\/ogv-amorbach.de\/wp-content\/uploads\/2022\/12\/25Jahre-1-300x201.jpg 300w\" sizes=\"(max-width: 550px) 100vw, 550px\" \/><figcaption class=\"wp-element-caption\"><strong>Ehrennadel in Silber f\u00fcr 25 j\u00e4hrige<\/strong> <strong>Mitgliedschaft im OGV:<\/strong><br>von links nach rechts: Gerhard Bauer, Michael Berberich, Karl Neuser<br>nicht anwesend: Helmut Hendelmeyer, Heinz Herkert, Wilfried H\u00f6rst, Robert Klingenmeier, Kurt Kolarsch, Willi Nahrgang, Klaus Simon, Martin W\u00f6rner<\/figcaption><\/figure>\n\n\n\n<figure class=\"wp-block-image size-full\"><img decoding=\"async\" width=\"550\" height=\"366\" src=\"https:\/\/ogv-amorbach.de\/wp-content\/uploads\/2022\/12\/40Jahre-1.jpg\" alt=\"\" class=\"wp-image-812\" srcset=\"https:\/\/ogv-amorbach.de\/wp-content\/uploads\/2022\/12\/40Jahre-1.jpg 550w, https:\/\/ogv-amorbach.de\/wp-content\/uploads\/2022\/12\/40Jahre-1-300x200.jpg 300w\" sizes=\"(max-width: 550px) 100vw, 550px\" \/><figcaption class=\"wp-element-caption\"><strong>Ehrennadel in Gold f\u00fcr 40-j\u00e4hrige<\/strong> <strong>Mitgliedschaft im OGV:<\/strong><br>von links nach rechts: Heinrich Wostl, Eleonore Pfeifer, Helmut Benner, Hermann Josef Pfeiffer, Mechthild Gockert (f\u00fcr Friedel), Georg Elflein, Ulrike M\u00fcller, Michael Eck, Ludwig Speth<br>nicht anwesend: Otto Bayer, Peter Berberich, Robert Hamm, Horst Hauck, Reiner Hauschild, Anna Rosa Hennig, Ernst Jirouschek, Gerhard Jirouschek, Renate Kaesmann, Leonore Kirchmann, Helmut Matt, Rautgundis M\u00fcller, Otto Neugebauer, Willi Pfeiffer, Rosemarie Sch\u00e4fer, Helmut Sch\u00f6tterl, Stephan Sch\u00fcller, Roswitha Stuppner, Hinrich Tietjen, Elisabeth Wild, Bruno W\u00f6rner, Adolf Zerr<br>In 2022 vor Ehrung verstorben: Wolfgang Matt, Eberhard M\u00f6ckel, Ludwig Trimmel<\/figcaption><\/figure>\n\n\n\n<figure class=\"wp-block-image size-full\"><img loading=\"lazy\" decoding=\"async\" width=\"550\" height=\"368\" src=\"https:\/\/ogv-amorbach.de\/wp-content\/uploads\/2022\/12\/50Jahre-1.jpg\" alt=\"\" class=\"wp-image-813\" srcset=\"https:\/\/ogv-amorbach.de\/wp-content\/uploads\/2022\/12\/50Jahre-1.jpg 550w, https:\/\/ogv-amorbach.de\/wp-content\/uploads\/2022\/12\/50Jahre-1-300x201.jpg 300w\" sizes=\"(max-width: 550px) 100vw, 550px\" \/><figcaption class=\"wp-element-caption\"><strong>Ehrennadel mit Kranz f\u00fcr 50-j\u00e4hrige Mitgliedschaft im OGV:<\/strong><br>von links nach rechts: Luzia Miltenberger, Karl-Heinz Schwing, Marianne Albert, Bruno Kunz, Hubert Giersig<br>nicht anwesend: Emmy Baumann, Edith Deufel, Brigitte Eck, Helga F\u00f6rtig, Adolf M\u00fcller, Reiner Rei\u00dffelder, Willi Russ, Gerhard Teubner<\/figcaption><\/figure>\n\n\n\n<p><strong>Ehrennadel am Band f\u00fcr 60-j\u00e4hrige Mitgliedschaft <\/strong>ohne Bild: Rosemarie Eck u. Maria Ewald<\/p>\n\n\n\n<figure class=\"wp-block-image size-full\"><img loading=\"lazy\" decoding=\"async\" width=\"550\" height=\"366\" src=\"https:\/\/ogv-amorbach.de\/wp-content\/uploads\/2022\/12\/15Jahre-Silber-1.jpg\" alt=\"\" class=\"wp-image-814\" srcset=\"https:\/\/ogv-amorbach.de\/wp-content\/uploads\/2022\/12\/15Jahre-Silber-1.jpg 550w, https:\/\/ogv-amorbach.de\/wp-content\/uploads\/2022\/12\/15Jahre-Silber-1-300x200.jpg 300w\" sizes=\"(max-width: 550px) 100vw, 550px\" \/><figcaption class=\"wp-element-caption\"><strong>Ehrennadel in Silber f\u00fcr 15-j\u00e4hrige T\u00e4tigkeit in der Vereinsleitung des OGV<\/strong>:<br>Hans Waldeis und Hans Bartl<\/figcaption><\/figure>\n\n\n\n<figure class=\"wp-block-image size-full\"><img loading=\"lazy\" decoding=\"async\" width=\"512\" height=\"770\" src=\"https:\/\/ogv-amorbach.de\/wp-content\/uploads\/2022\/12\/Ehrenmitglied.jpg\" alt=\"\" class=\"wp-image-808\" srcset=\"https:\/\/ogv-amorbach.de\/wp-content\/uploads\/2022\/12\/Ehrenmitglied.jpg 512w, https:\/\/ogv-amorbach.de\/wp-content\/uploads\/2022\/12\/Ehrenmitglied-199x300.jpg 199w\" sizes=\"(max-width: 512px) 100vw, 512px\" \/><figcaption class=\"wp-element-caption\">Eine besondere \u00dcberraschung hatte die Vorstandschaft ihrer langj\u00e4hrigen Aktiven <strong>Rosi Eck<\/strong> bereitet, die nicht nur f\u00fcr 60 Jahre Mitgliedschaft geehrt wurde, sondern auch aufgrund ihres vielf\u00e4ltigen Einsatzes in diesen Jahren zum <strong>Ehrenmitglied<\/strong> ernannt wurde, hier gemeinsam mit&nbsp; der Vorsitzenden des Kreisverbandes Ulrike Oettinger und Vorstand Hans Waldeis<\/figcaption><\/figure>\n\n\n\n<p>Nachfolgend aus der Laudatio eine kurze \u00dcbersicht Ihres Wirkens f\u00fcr den OGV:<\/p>\n\n\n\n<ul class=\"wp-block-list\">\n<li>Sie war bereits an der Errichtung der Anlage am Fliegenpilz in den 60er Jahren&nbsp; beteiligt.<\/li>\n\n\n\n<li>Sie betreute den Brunnen an der Palaismauer und gestaltete und pflegte jahrzehntelang Tr\u00f6ge, K\u00fcbel und Blumenk\u00e4sten in der Innenstadt.<\/li>\n\n\n\n<li>Sie wirkte bei der Gestaltung unserer Wagen f\u00fcr den Faschelnachtszug mit und viele gelungene Weihnachtsfeiern trugen ihre Handschrift.<\/li>\n\n\n\n<li>Sie war ma\u00dfgeblich viele Jahre an der Ausschm\u00fcckung der Pfarrkirche zum Erntedankfest beteiligt.<\/li>\n\n\n\n<li>Und ganz nebenbei \u00fcbte sie ab 2005 einige Jahre das Amt des 1. Kassiers aus.<\/li>\n\n\n\n<li>Auch heute ist sie noch in der Vorstandschaft als Beisitzerin t\u00e4tig,<\/li>\n\n\n\n<li>k\u00fcmmert sich beim Wendelinusmarkt um unseren Verkaufsstand, den sie immer sehr liebevoll gestaltet,<\/li>\n\n\n\n<li>bindet Mistelzweige f\u00fcr den Verkauf,<\/li>\n\n\n\n<li>tr\u00e4gt den Speierling in Amorbach West aus,<\/li>\n\n\n\n<li>hat auch hier das Pfarrheim, zusammen mit ihrer Tochter Claudia, so liebevoll dekoriert<\/li>\n\n\n\n<li>und ist einfach da, wann immer sie gebraucht wird \u2026&#8230;<\/li>\n<\/ul>\n\n\n\n<p>\u2026.. unsere Rosi<\/p>\n\n\n\n<p>Mit einem Fachvortrag zum Wandel des Hausgartens im Klimawandel von Herrn Abt sowie historischen Bildern von Ausfl\u00fcgen und Veranstaltungen aus vergangene Vereinsjahrzehnten klang der Nachmittag aus.<\/p>\n\n\n\nngg_shortcode_0_placeholder\n\n\n<p style=\"text-align: center;\"><strong>Einladung<\/strong><\/p>\n<p>Liebe Vereinsmitglieder, Freunde der Apfelallee und des Vereins,<\/p>\n<p>nach langer Zeit findet am Samstag, 03.12.2022, um 15.00 Uhr im Pfarrheim St. Benedikt (neben der Pfarrkirche) wieder ein Vereinsnachmittag unseres Obst- und Gartenbauverein Amorbach e.V. statt. <\/p>\n<p>Diesen Nachmittag wollen wir nutzen, um langj\u00e4hrigen Mitgliedern f\u00fcr ihre Vereinstreue und<br>ihr Engagement im Verein zu danken und sie f\u00fcr ihre Verdienste zu ehren. Auch wollen wir<br>an diesem Tag in Wort und Bild von der aktuellen Vereinsarbeit erz\u00e4hlen.<\/p>\n<p>Die Vorstandschaft des Obst- und Gartenbauvereins Amorbach e.V. freut sich auf Ihren Besuch.<\/p>\n<p>F\u00fcr die Vorstandschaft: Hans Waldeis, 1. Vorsitzender<\/p>\n\n\n<figure class=\"wp-block-image size-large\"><img loading=\"lazy\" decoding=\"async\" width=\"1024\" height=\"768\" src=\"https:\/\/ogv-amorbach.de\/wp-content\/uploads\/2022\/10\/Collage-neu-1024x768.jpg\" alt=\"\" class=\"wp-image-496\" srcset=\"https:\/\/ogv-amorbach.de\/wp-content\/uploads\/2022\/10\/Collage-neu-1024x768.jpg 1024w, https:\/\/ogv-amorbach.de\/wp-content\/uploads\/2022\/10\/Collage-neu-300x225.jpg 300w, https:\/\/ogv-amorbach.de\/wp-content\/uploads\/2022\/10\/Collage-neu-768x576.jpg 768w, https:\/\/ogv-amorbach.de\/wp-content\/uploads\/2022\/10\/Collage-neu-1536x1152.jpg 1536w, https:\/\/ogv-amorbach.de\/wp-content\/uploads\/2022\/10\/Collage-neu-2048x1536.jpg 2048w\" sizes=\"(max-width: 1024px) 100vw, 1024px\" \/><\/figure>\n","protected":false},"excerpt":{"rendered":"<p>Bericht zum Vereinsnachmittag vom 3.12.2022 (ein Beitrag von Frank Laske) Nach langer Zeit fand am Samstag, 03.12.2022, im Pfarrheim St. Benedikt wieder ein Vereinsnachmittag unseres Obst- und Gartenbauvereins Amorbach e.V. statt. In seiner Er\u00f6ffnungsrede ging 1. Vorsitzender Hans Waldeis zun\u00e4chst auf die Umst\u00e4nde ein, die dazu gef\u00fchrt haben, dass \u00fcber einen mehrj\u00e4hrigen Zeitraum hinweg langj\u00e4hrigen [&hellip;]<\/p>\n","protected":false},"author":1,"featured_media":0,"parent":0,"menu_order":0,"comment_status":"closed","ping_status":"closed","template":"","meta":{"ngg_post_thumbnail":0,"footnotes":""},"class_list":["post-495","page","type-page","status-publish","hentry"],"yoast_head":"<!-- This site is optimized with the Yoast SEO plugin v27.6 - https:\/\/yoast.com\/product\/yoast-seo-wordpress\/ -->\n<title>Vereinsnachmittag - Obst- und Gartenbauverein Amorbach e.V.<\/title>\n<meta name=\"robots\" content=\"index, follow, max-snippet:-1, max-image-preview:large, max-video-preview:-1\" \/>\n<link rel=\"canonical\" href=\"https:\/\/ogv-amorbach.de\/?page_id=495\" \/>\n<meta property=\"og:locale\" content=\"de_DE\" \/>\n<meta property=\"og:type\" content=\"article\" \/>\n<meta property=\"og:title\" content=\"Vereinsnachmittag - Obst- und Gartenbauverein Amorbach e.V.\" \/>\n<meta property=\"og:description\" content=\"Bericht zum Vereinsnachmittag vom 3.12.2022 (ein Beitrag von Frank Laske) Nach langer Zeit fand am Samstag, 03.12.2022, im Pfarrheim St. Benedikt wieder ein Vereinsnachmittag unseres Obst- und Gartenbauvereins Amorbach e.V. statt. In seiner Er\u00f6ffnungsrede ging 1. Vorsitzender Hans Waldeis zun\u00e4chst auf die Umst\u00e4nde ein, die dazu gef\u00fchrt haben, dass \u00fcber einen mehrj\u00e4hrigen Zeitraum hinweg langj\u00e4hrigen [&hellip;]\" \/>\n<meta property=\"og:url\" content=\"https:\/\/ogv-amorbach.de\/?page_id=495\" \/>\n<meta property=\"og:site_name\" content=\"Obst- und Gartenbauverein Amorbach e.V.\" \/>\n<meta property=\"article:modified_time\" content=\"2022-12-29T15:42:10+00:00\" \/>\n<meta property=\"og:image\" content=\"https:\/\/ogv-amorbach.de\/wp-content\/uploads\/2022\/12\/15Jahre-1.jpg\" \/>\n<meta name=\"twitter:card\" content=\"summary_large_image\" \/>\n<meta name=\"twitter:label1\" content=\"Gesch\u00e4tzte Lesezeit\" \/>\n\t<meta name=\"twitter:data1\" content=\"4\u00a0Minuten\" \/>\n<script type=\"application\/ld+json\" class=\"yoast-schema-graph\">{\"@context\":\"https:\\\/\\\/schema.org\",\"@graph\":[{\"@type\":\"WebPage\",\"@id\":\"https:\\\/\\\/ogv-amorbach.de\\\/?page_id=495\",\"url\":\"https:\\\/\\\/ogv-amorbach.de\\\/?page_id=495\",\"name\":\"Vereinsnachmittag - Obst- und Gartenbauverein Amorbach e.V.\",\"isPartOf\":{\"@id\":\"https:\\\/\\\/ogv-amorbach.de\\\/#website\"},\"primaryImageOfPage\":{\"@id\":\"https:\\\/\\\/ogv-amorbach.de\\\/?page_id=495#primaryimage\"},\"image\":{\"@id\":\"https:\\\/\\\/ogv-amorbach.de\\\/?page_id=495#primaryimage\"},\"thumbnailUrl\":\"https:\\\/\\\/ogv-amorbach.de\\\/wp-content\\\/uploads\\\/2022\\\/12\\\/15Jahre-1.jpg\",\"datePublished\":\"2022-10-30T16:50:48+00:00\",\"dateModified\":\"2022-12-29T15:42:10+00:00\",\"breadcrumb\":{\"@id\":\"https:\\\/\\\/ogv-amorbach.de\\\/?page_id=495#breadcrumb\"},\"inLanguage\":\"de\",\"potentialAction\":[{\"@type\":\"ReadAction\",\"target\":[\"https:\\\/\\\/ogv-amorbach.de\\\/?page_id=495\"]}]},{\"@type\":\"ImageObject\",\"inLanguage\":\"de\",\"@id\":\"https:\\\/\\\/ogv-amorbach.de\\\/?page_id=495#primaryimage\",\"url\":\"https:\\\/\\\/ogv-amorbach.de\\\/wp-content\\\/uploads\\\/2022\\\/12\\\/15Jahre-1.jpg\",\"contentUrl\":\"https:\\\/\\\/ogv-amorbach.de\\\/wp-content\\\/uploads\\\/2022\\\/12\\\/15Jahre-1.jpg\",\"width\":550,\"height\":367},{\"@type\":\"BreadcrumbList\",\"@id\":\"https:\\\/\\\/ogv-amorbach.de\\\/?page_id=495#breadcrumb\",\"itemListElement\":[{\"@type\":\"ListItem\",\"position\":1,\"name\":\"Home\",\"item\":\"https:\\\/\\\/ogv-amorbach.de\\\/\"},{\"@type\":\"ListItem\",\"position\":2,\"name\":\"Vereinsnachmittag\"}]},{\"@type\":\"WebSite\",\"@id\":\"https:\\\/\\\/ogv-amorbach.de\\\/#website\",\"url\":\"https:\\\/\\\/ogv-amorbach.de\\\/\",\"name\":\"Obst- und Gartenbauverein Amorbach e.V.\",\"description\":\"\",\"publisher\":{\"@id\":\"https:\\\/\\\/ogv-amorbach.de\\\/#organization\"},\"potentialAction\":[{\"@type\":\"SearchAction\",\"target\":{\"@type\":\"EntryPoint\",\"urlTemplate\":\"https:\\\/\\\/ogv-amorbach.de\\\/?s={search_term_string}\"},\"query-input\":{\"@type\":\"PropertyValueSpecification\",\"valueRequired\":true,\"valueName\":\"search_term_string\"}}],\"inLanguage\":\"de\"},{\"@type\":\"Organization\",\"@id\":\"https:\\\/\\\/ogv-amorbach.de\\\/#organization\",\"name\":\"Obst- und Gartenbauverein Amorbach e.V.\",\"url\":\"https:\\\/\\\/ogv-amorbach.de\\\/\",\"logo\":{\"@type\":\"ImageObject\",\"inLanguage\":\"de\",\"@id\":\"https:\\\/\\\/ogv-amorbach.de\\\/#\\\/schema\\\/logo\\\/image\\\/\",\"url\":\"https:\\\/\\\/ogv-amorbach.de\\\/wp-content\\\/uploads\\\/2022\\\/10\\\/cropped-Logo.png\",\"contentUrl\":\"https:\\\/\\\/ogv-amorbach.de\\\/wp-content\\\/uploads\\\/2022\\\/10\\\/cropped-Logo.png\",\"width\":367,\"height\":223,\"caption\":\"Obst- und Gartenbauverein Amorbach e.V.\"},\"image\":{\"@id\":\"https:\\\/\\\/ogv-amorbach.de\\\/#\\\/schema\\\/logo\\\/image\\\/\"}}]}<\/script>\n<!-- \/ Yoast SEO plugin. -->","yoast_head_json":{"title":"Vereinsnachmittag - Obst- und Gartenbauverein Amorbach e.V.","robots":{"index":"index","follow":"follow","max-snippet":"max-snippet:-1","max-image-preview":"max-image-preview:large","max-video-preview":"max-video-preview:-1"},"canonical":"https:\/\/ogv-amorbach.de\/?page_id=495","og_locale":"de_DE","og_type":"article","og_title":"Vereinsnachmittag - Obst- und Gartenbauverein Amorbach e.V.","og_description":"Bericht zum Vereinsnachmittag vom 3.12.2022 (ein Beitrag von Frank Laske) Nach langer Zeit fand am Samstag, 03.12.2022, im Pfarrheim St. Benedikt wieder ein Vereinsnachmittag unseres Obst- und Gartenbauvereins Amorbach e.V. statt. In seiner Er\u00f6ffnungsrede ging 1. Vorsitzender Hans Waldeis zun\u00e4chst auf die Umst\u00e4nde ein, die dazu gef\u00fchrt haben, dass \u00fcber einen mehrj\u00e4hrigen Zeitraum hinweg langj\u00e4hrigen [&hellip;]","og_url":"https:\/\/ogv-amorbach.de\/?page_id=495","og_site_name":"Obst- und Gartenbauverein Amorbach e.V.","article_modified_time":"2022-12-29T15:42:10+00:00","og_image":[{"url":"https:\/\/ogv-amorbach.de\/wp-content\/uploads\/2022\/12\/15Jahre-1.jpg","type":"","width":"","height":""}],"twitter_card":"summary_large_image","twitter_misc":{"Gesch\u00e4tzte Lesezeit":"4\u00a0Minuten"},"schema":{"@context":"https:\/\/schema.org","@graph":[{"@type":"WebPage","@id":"https:\/\/ogv-amorbach.de\/?page_id=495","url":"https:\/\/ogv-amorbach.de\/?page_id=495","name":"Vereinsnachmittag - Obst- und Gartenbauverein Amorbach e.V.","isPartOf":{"@id":"https:\/\/ogv-amorbach.de\/#website"},"primaryImageOfPage":{"@id":"https:\/\/ogv-amorbach.de\/?page_id=495#primaryimage"},"image":{"@id":"https:\/\/ogv-amorbach.de\/?page_id=495#primaryimage"},"thumbnailUrl":"https:\/\/ogv-amorbach.de\/wp-content\/uploads\/2022\/12\/15Jahre-1.jpg","datePublished":"2022-10-30T16:50:48+00:00","dateModified":"2022-12-29T15:42:10+00:00","breadcrumb":{"@id":"https:\/\/ogv-amorbach.de\/?page_id=495#breadcrumb"},"inLanguage":"de","potentialAction":[{"@type":"ReadAction","target":["https:\/\/ogv-amorbach.de\/?page_id=495"]}]},{"@type":"ImageObject","inLanguage":"de","@id":"https:\/\/ogv-amorbach.de\/?page_id=495#primaryimage","url":"https:\/\/ogv-amorbach.de\/wp-content\/uploads\/2022\/12\/15Jahre-1.jpg","contentUrl":"https:\/\/ogv-amorbach.de\/wp-content\/uploads\/2022\/12\/15Jahre-1.jpg","width":550,"height":367},{"@type":"BreadcrumbList","@id":"https:\/\/ogv-amorbach.de\/?page_id=495#breadcrumb","itemListElement":[{"@type":"ListItem","position":1,"name":"Home","item":"https:\/\/ogv-amorbach.de\/"},{"@type":"ListItem","position":2,"name":"Vereinsnachmittag"}]},{"@type":"WebSite","@id":"https:\/\/ogv-amorbach.de\/#website","url":"https:\/\/ogv-amorbach.de\/","name":"Obst- und Gartenbauverein Amorbach e.V.","description":"","publisher":{"@id":"https:\/\/ogv-amorbach.de\/#organization"},"potentialAction":[{"@type":"SearchAction","target":{"@type":"EntryPoint","urlTemplate":"https:\/\/ogv-amorbach.de\/?s={search_term_string}"},"query-input":{"@type":"PropertyValueSpecification","valueRequired":true,"valueName":"search_term_string"}}],"inLanguage":"de"},{"@type":"Organization","@id":"https:\/\/ogv-amorbach.de\/#organization","name":"Obst- und Gartenbauverein Amorbach e.V.","url":"https:\/\/ogv-amorbach.de\/","logo":{"@type":"ImageObject","inLanguage":"de","@id":"https:\/\/ogv-amorbach.de\/#\/schema\/logo\/image\/","url":"https:\/\/ogv-amorbach.de\/wp-content\/uploads\/2022\/10\/cropped-Logo.png","contentUrl":"https:\/\/ogv-amorbach.de\/wp-content\/uploads\/2022\/10\/cropped-Logo.png","width":367,"height":223,"caption":"Obst- und Gartenbauverein Amorbach e.V."},"image":{"@id":"https:\/\/ogv-amorbach.de\/#\/schema\/logo\/image\/"}}]}},"_links":{"self":[{"href":"https:\/\/ogv-amorbach.de\/index.php?rest_route=\/wp\/v2\/pages\/495","targetHints":{"allow":["GET"]}}],"collection":[{"href":"https:\/\/ogv-amorbach.de\/index.php?rest_route=\/wp\/v2\/pages"}],"about":[{"href":"https:\/\/ogv-amorbach.de\/index.php?rest_route=\/wp\/v2\/types\/page"}],"author":[{"embeddable":true,"href":"https:\/\/ogv-amorbach.de\/index.php?rest_route=\/wp\/v2\/users\/1"}],"replies":[{"embeddable":true,"href":"https:\/\/ogv-amorbach.de\/index.php?rest_route=%2Fwp%2Fv2%2Fcomments&post=495"}],"version-history":[{"count":15,"href":"https:\/\/ogv-amorbach.de\/index.php?rest_route=\/wp\/v2\/pages\/495\/revisions"}],"predecessor-version":[{"id":851,"href":"https:\/\/ogv-amorbach.de\/index.php?rest_route=\/wp\/v2\/pages\/495\/revisions\/851"}],"wp:attachment":[{"href":"https:\/\/ogv-amorbach.de\/index.php?rest_route=%2Fwp%2Fv2%2Fmedia&parent=495"}],"curies":[{"name":"wp","href":"https:\/\/api.w.org\/{rel}","templated":true}]}}